{"id":12,"date":"2016-05-12T22:12:34","date_gmt":"2016-05-12T20:12:34","guid":{"rendered":"http:\/\/fjelfras.de\/wordpress\/diplomacy\/?page_id=12"},"modified":"2020-09-25T14:56:29","modified_gmt":"2020-09-25T14:56:29","slug":"diplomacy-startseite","status":"publish","type":"page","link":"https:\/\/www.franke-darmstadt.de\/diplomacy\/","title":{"rendered":"Diplomacy-Partien play by e-mail"},"content":{"rendered":"\n<h2 class=\"has-text-color wp-block-heading\" style=\"color:#0066cc\">Herzlich Willkommen zur privaten Diplomacy-Seite von Tobias Franke!<\/h2>\n\n\n\n<p>Neben meinem eigenen kleinen <a href=\"https:\/\/www.fjelfras.de\/\" target=\"_blank\" rel=\"noopener noreferrer\">Blog<\/a> habe ich nun also noch einen eigenst\u00e4ndigen Ableger entwickelt. Auf diesen Seiten geht es ausschlie\u00dflich um ein Hobby von mir: dem Diplomacy-Spielen.<\/p>\n\n\n\n<blockquote class=\"wp-block-quote is-layout-flow wp-block-quote-is-layout-flow\"><p>Frieden ist Verhandlungssache.<br>Wie sich&#8217;s bei Gesch\u00e4ften eben geh\u00f6rt.<\/p><cite>Hans-Horst Skupy<\/cite><\/blockquote>\n\n\n\n<div class=\"wp-block-image\"><figure class=\"aligncenter size-large\"><a href=\"https:\/\/www.franke-darmstadt.de\/diplomacy\/wp-content\/uploads\/2020\/09\/Diplomacy-Detail.jpg\"><img loading=\"lazy\" decoding=\"async\" width=\"1024\" height=\"629\" src=\"https:\/\/www.franke-darmstadt.de\/diplomacy\/wp-content\/uploads\/2020\/09\/Diplomacy-Detail-1024x629.jpg\" alt=\"Diplomacy - Detail\" class=\"wp-image-998\" srcset=\"https:\/\/www.franke-darmstadt.de\/diplomacy\/wp-content\/uploads\/2020\/09\/Diplomacy-Detail-1024x629.jpg 1024w, https:\/\/www.franke-darmstadt.de\/diplomacy\/wp-content\/uploads\/2020\/09\/Diplomacy-Detail-300x184.jpg 300w, https:\/\/www.franke-darmstadt.de\/diplomacy\/wp-content\/uploads\/2020\/09\/Diplomacy-Detail-768x472.jpg 768w, https:\/\/www.franke-darmstadt.de\/diplomacy\/wp-content\/uploads\/2020\/09\/Diplomacy-Detail.jpg 1280w\" sizes=\"auto, (max-width: 1024px) 100vw, 1024px\" \/><\/a><figcaption>DIPLOMACY in action [Foto von Ted Alspach]<\/figcaption><\/figure><\/div>\n\n\n\n<p>Wer von diesem Spiel noch nichts geh\u00f6rt hat, dem empfehle ich als Einleitung die <a href=\"https:\/\/www.franke-darmstadt.de\/diplomacy\/allgemeine-infos-zu-diplomacy\/\">allgemeinen Infos<\/a>. Wer das Spiel schon kennt, es vielleicht vor Urzeiten mal gespielt hat und mangels Zeit und Mitspielern lange nicht mehr zum Spielen kam, dem kann vielleicht mit der Plattform <a href=\"https:\/\/www.franke-darmstadt.de\/diplomacy\/ludomaniac\/\">Ludomaniac<\/a> geholfen werden. \u00dcber diese Webgemeinschaft organisieren sich eine Menge Leute, um Diplomacy haupts\u00e4chlich per E-Mail zu spielen (wobei auch Partien au\u00dferhalb des Netzes im Angebot zu finden sind). Auf den Seiten von Ludomaniac gibt es auch ein Vielzahl von weiteren Informationen und Links rund um das Thema Diplomacy.<\/p>\n\n\n\n<p>Damit die play-by-e-mail-Partien reibungslos funktionieren, setzt man bei Ludomanic nicht auf einen automatischen judge, sondern auf menschliche Spielleiter. Und da diese immer Mangelware sind, habe auch mich bereit erkl\u00e4rt, diesen Job f\u00fcr die ein oder andere Partie zu \u00fcbernehmen. Somit ist diese Website auch (beziehungsweise haupts\u00e4chlich) f\u00fcr die Auswertungen der von mir geleiteten Partien gedacht.<\/p>\n\n\n\n<blockquote class=\"wp-block-quote is-layout-flow wp-block-quote-is-layout-flow\"><p>&#8222;Wir werden ihm nur ein bi\u00dfchen mit dem Finger drohen&#8220;,  sagte er<br>und legte diesen an den Abzug.<\/p><cite>Stanislaw Lec<\/cite><\/blockquote>\n","protected":false},"excerpt":{"rendered":"<p>Herzlich Willkommen zur privaten Diplomacy-Seite von Tobias Franke! Neben meinem eigenen kleinen Blog habe ich nun also noch einen eigenst\u00e4ndigen Ableger entwickelt. Auf diesen Seiten geht es ausschlie\u00dflich um ein Hobby von mir: dem Diplomacy-Spielen. Frieden ist Verhandlungssache.Wie sich&#8217;s bei<\/p>\n","protected":false},"author":2,"featured_media":0,"parent":0,"menu_order":0,"comment_status":"closed","ping_status":"closed","template":"","meta":{"footnotes":""},"class_list":["post-12","page","type-page","status-publish","hentry"],"yoast_head":"<!-- This site is optimized with the Yoast SEO plugin v27.1.1 - https:\/\/yoast.com\/product\/yoast-seo-wordpress\/ -->\n<title>Diplomacy-Partien play by e-mail &#8226; Website von Tobias Franke<\/title>\n<meta name=\"description\" content=\"Jede vern\u00fcnftige Website ben\u00f6tigt eine Startseite - so auch mein neues Projekt: Auswertungen f\u00fcr Diplomacy-Partien play by e-mail\" \/>\n<meta name=\"robots\" content=\"index, follow, max-snippet:-1, max-image-preview:large, max-video-preview:-1\" \/>\n<link rel=\"canonical\" href=\"https:\/\/www.franke-darmstadt.de\/diplomacy\/\" \/>\n<meta property=\"og:locale\" content=\"de_DE\" \/>\n<meta property=\"og:type\" content=\"article\" \/>\n<meta property=\"og:title\" content=\"Diplomacy-Partien play by e-mail &#8226; Website von Tobias Franke\" \/>\n<meta property=\"og:description\" content=\"Jede vern\u00fcnftige Website ben\u00f6tigt eine Startseite - so auch mein neues Projekt: Auswertungen f\u00fcr Diplomacy-Partien play by e-mail\" \/>\n<meta property=\"og:url\" content=\"https:\/\/www.franke-darmstadt.de\/diplomacy\/\" \/>\n<meta property=\"og:site_name\" content=\"Diplomacy-Auswertungen\" \/>\n<meta property=\"article:modified_time\" content=\"2020-09-25T14:56:29+00:00\" \/>\n<meta property=\"og:image\" content=\"https:\/\/www.franke-darmstadt.de\/diplomacy\/wp-content\/uploads\/2020\/09\/Diplomacy-Detail-1024x629.jpg\" \/>\n<meta name=\"twitter:card\" content=\"summary_large_image\" \/>\n<meta name=\"twitter:label1\" content=\"Gesch\u00e4tzte Lesezeit\" \/>\n\t<meta name=\"twitter:data1\" content=\"1\u00a0Minute\" \/>\n<script type=\"application\/ld+json\" class=\"yoast-schema-graph\">{\"@context\":\"https:\/\/schema.org\",\"@graph\":[{\"@type\":\"WebPage\",\"@id\":\"https:\/\/www.franke-darmstadt.de\/diplomacy\/\",\"url\":\"https:\/\/www.franke-darmstadt.de\/diplomacy\/\",\"name\":\"Diplomacy-Partien play by e-mail &#8226; Website von Tobias Franke\",\"isPartOf\":{\"@id\":\"https:\/\/www.franke-darmstadt.de\/diplomacy\/#website\"},\"primaryImageOfPage\":{\"@id\":\"https:\/\/www.franke-darmstadt.de\/diplomacy\/#primaryimage\"},\"image\":{\"@id\":\"https:\/\/www.franke-darmstadt.de\/diplomacy\/#primaryimage\"},\"thumbnailUrl\":\"https:\/\/www.franke-darmstadt.de\/diplomacy\/wp-content\/uploads\/2020\/09\/Diplomacy-Detail-1024x629.jpg\",\"datePublished\":\"2016-05-12T20:12:34+00:00\",\"dateModified\":\"2020-09-25T14:56:29+00:00\",\"description\":\"Jede vern\u00fcnftige Website ben\u00f6tigt eine Startseite - so auch mein neues Projekt: Auswertungen f\u00fcr Diplomacy-Partien play by e-mail\",\"breadcrumb\":{\"@id\":\"https:\/\/www.franke-darmstadt.de\/diplomacy\/#breadcrumb\"},\"inLanguage\":\"de\",\"potentialAction\":[{\"@type\":\"ReadAction\",\"target\":[\"https:\/\/www.franke-darmstadt.de\/diplomacy\/\"]}]},{\"@type\":\"ImageObject\",\"inLanguage\":\"de\",\"@id\":\"https:\/\/www.franke-darmstadt.de\/diplomacy\/#primaryimage\",\"url\":\"https:\/\/www.franke-darmstadt.de\/diplomacy\/wp-content\/uploads\/2020\/09\/Diplomacy-Detail-1024x629.jpg\",\"contentUrl\":\"https:\/\/www.franke-darmstadt.de\/diplomacy\/wp-content\/uploads\/2020\/09\/Diplomacy-Detail-1024x629.jpg\"},{\"@type\":\"BreadcrumbList\",\"@id\":\"https:\/\/www.franke-darmstadt.de\/diplomacy\/#breadcrumb\",\"itemListElement\":[{\"@type\":\"ListItem\",\"position\":1,\"name\":\"Startseite\",\"item\":\"https:\/\/www.franke-darmstadt.de\/diplomacy\/\"},{\"@type\":\"ListItem\",\"position\":2,\"name\":\"Diplomacy-Partien play by e-mail\"}]},{\"@type\":\"WebSite\",\"@id\":\"https:\/\/www.franke-darmstadt.de\/diplomacy\/#website\",\"url\":\"https:\/\/www.franke-darmstadt.de\/diplomacy\/\",\"name\":\"Diplomacy-Auswertungen\",\"description\":\"von Tobias Franke\",\"publisher\":{\"@id\":\"https:\/\/www.franke-darmstadt.de\/diplomacy\/#\/schema\/person\/5df572efe69e558ce15208fac9bba99b\"},\"potentialAction\":[{\"@type\":\"SearchAction\",\"target\":{\"@type\":\"EntryPoint\",\"urlTemplate\":\"https:\/\/www.franke-darmstadt.de\/diplomacy\/?s={search_term_string}\"},\"query-input\":{\"@type\":\"PropertyValueSpecification\",\"valueRequired\":true,\"valueName\":\"search_term_string\"}}],\"inLanguage\":\"de\"},{\"@type\":[\"Person\",\"Organization\"],\"@id\":\"https:\/\/www.franke-darmstadt.de\/diplomacy\/#\/schema\/person\/5df572efe69e558ce15208fac9bba99b\",\"name\":\"Tobias Franke\",\"image\":{\"@type\":\"ImageObject\",\"inLanguage\":\"de\",\"@id\":\"https:\/\/www.franke-darmstadt.de\/diplomacy\/#\/schema\/person\/image\/\",\"url\":\"https:\/\/secure.gravatar.com\/avatar\/fe9fd42c5f9a59412d3d8b8d7950788dc2af43bea862809a10dc389ded01e196?s=96&d=mm&r=g\",\"contentUrl\":\"https:\/\/secure.gravatar.com\/avatar\/fe9fd42c5f9a59412d3d8b8d7950788dc2af43bea862809a10dc389ded01e196?s=96&d=mm&r=g\",\"caption\":\"Tobias Franke\"},\"logo\":{\"@id\":\"https:\/\/www.franke-darmstadt.de\/diplomacy\/#\/schema\/person\/image\/\"},\"sameAs\":[\"http:\/\/www.fjelfras.de\"]}]}<\/script>\n<!-- \/ Yoast SEO plugin. -->","yoast_head_json":{"title":"Diplomacy-Partien play by e-mail &#8226; Website von Tobias Franke","description":"Jede vern\u00fcnftige Website ben\u00f6tigt eine Startseite - so auch mein neues Projekt: Auswertungen f\u00fcr Diplomacy-Partien play by e-mail","robots":{"index":"index","follow":"follow","max-snippet":"max-snippet:-1","max-image-preview":"max-image-preview:large","max-video-preview":"max-video-preview:-1"},"canonical":"https:\/\/www.franke-darmstadt.de\/diplomacy\/","og_locale":"de_DE","og_type":"article","og_title":"Diplomacy-Partien play by e-mail &#8226; Website von Tobias Franke","og_description":"Jede vern\u00fcnftige Website ben\u00f6tigt eine Startseite - so auch mein neues Projekt: Auswertungen f\u00fcr Diplomacy-Partien play by e-mail","og_url":"https:\/\/www.franke-darmstadt.de\/diplomacy\/","og_site_name":"Diplomacy-Auswertungen","article_modified_time":"2020-09-25T14:56:29+00:00","og_image":[{"url":"https:\/\/www.franke-darmstadt.de\/diplomacy\/wp-content\/uploads\/2020\/09\/Diplomacy-Detail-1024x629.jpg","type":"","width":"","height":""}],"twitter_card":"summary_large_image","twitter_misc":{"Gesch\u00e4tzte Lesezeit":"1\u00a0Minute"},"schema":{"@context":"https:\/\/schema.org","@graph":[{"@type":"WebPage","@id":"https:\/\/www.franke-darmstadt.de\/diplomacy\/","url":"https:\/\/www.franke-darmstadt.de\/diplomacy\/","name":"Diplomacy-Partien play by e-mail &#8226; Website von Tobias Franke","isPartOf":{"@id":"https:\/\/www.franke-darmstadt.de\/diplomacy\/#website"},"primaryImageOfPage":{"@id":"https:\/\/www.franke-darmstadt.de\/diplomacy\/#primaryimage"},"image":{"@id":"https:\/\/www.franke-darmstadt.de\/diplomacy\/#primaryimage"},"thumbnailUrl":"https:\/\/www.franke-darmstadt.de\/diplomacy\/wp-content\/uploads\/2020\/09\/Diplomacy-Detail-1024x629.jpg","datePublished":"2016-05-12T20:12:34+00:00","dateModified":"2020-09-25T14:56:29+00:00","description":"Jede vern\u00fcnftige Website ben\u00f6tigt eine Startseite - so auch mein neues Projekt: Auswertungen f\u00fcr Diplomacy-Partien play by e-mail","breadcrumb":{"@id":"https:\/\/www.franke-darmstadt.de\/diplomacy\/#breadcrumb"},"inLanguage":"de","potentialAction":[{"@type":"ReadAction","target":["https:\/\/www.franke-darmstadt.de\/diplomacy\/"]}]},{"@type":"ImageObject","inLanguage":"de","@id":"https:\/\/www.franke-darmstadt.de\/diplomacy\/#primaryimage","url":"https:\/\/www.franke-darmstadt.de\/diplomacy\/wp-content\/uploads\/2020\/09\/Diplomacy-Detail-1024x629.jpg","contentUrl":"https:\/\/www.franke-darmstadt.de\/diplomacy\/wp-content\/uploads\/2020\/09\/Diplomacy-Detail-1024x629.jpg"},{"@type":"BreadcrumbList","@id":"https:\/\/www.franke-darmstadt.de\/diplomacy\/#breadcrumb","itemListElement":[{"@type":"ListItem","position":1,"name":"Startseite","item":"https:\/\/www.franke-darmstadt.de\/diplomacy\/"},{"@type":"ListItem","position":2,"name":"Diplomacy-Partien play by e-mail"}]},{"@type":"WebSite","@id":"https:\/\/www.franke-darmstadt.de\/diplomacy\/#website","url":"https:\/\/www.franke-darmstadt.de\/diplomacy\/","name":"Diplomacy-Auswertungen","description":"von Tobias Franke","publisher":{"@id":"https:\/\/www.franke-darmstadt.de\/diplomacy\/#\/schema\/person\/5df572efe69e558ce15208fac9bba99b"},"potentialAction":[{"@type":"SearchAction","target":{"@type":"EntryPoint","urlTemplate":"https:\/\/www.franke-darmstadt.de\/diplomacy\/?s={search_term_string}"},"query-input":{"@type":"PropertyValueSpecification","valueRequired":true,"valueName":"search_term_string"}}],"inLanguage":"de"},{"@type":["Person","Organization"],"@id":"https:\/\/www.franke-darmstadt.de\/diplomacy\/#\/schema\/person\/5df572efe69e558ce15208fac9bba99b","name":"Tobias Franke","image":{"@type":"ImageObject","inLanguage":"de","@id":"https:\/\/www.franke-darmstadt.de\/diplomacy\/#\/schema\/person\/image\/","url":"https:\/\/secure.gravatar.com\/avatar\/fe9fd42c5f9a59412d3d8b8d7950788dc2af43bea862809a10dc389ded01e196?s=96&d=mm&r=g","contentUrl":"https:\/\/secure.gravatar.com\/avatar\/fe9fd42c5f9a59412d3d8b8d7950788dc2af43bea862809a10dc389ded01e196?s=96&d=mm&r=g","caption":"Tobias Franke"},"logo":{"@id":"https:\/\/www.franke-darmstadt.de\/diplomacy\/#\/schema\/person\/image\/"},"sameAs":["http:\/\/www.fjelfras.de"]}]}},"_links":{"self":[{"href":"https:\/\/www.franke-darmstadt.de\/diplomacy\/wp-json\/wp\/v2\/pages\/12","targetHints":{"allow":["GET"]}}],"collection":[{"href":"https:\/\/www.franke-darmstadt.de\/diplomacy\/wp-json\/wp\/v2\/pages"}],"about":[{"href":"https:\/\/www.franke-darmstadt.de\/diplomacy\/wp-json\/wp\/v2\/types\/page"}],"author":[{"embeddable":true,"href":"https:\/\/www.franke-darmstadt.de\/diplomacy\/wp-json\/wp\/v2\/users\/2"}],"replies":[{"embeddable":true,"href":"https:\/\/www.franke-darmstadt.de\/diplomacy\/wp-json\/wp\/v2\/comments?post=12"}],"version-history":[{"count":11,"href":"https:\/\/www.franke-darmstadt.de\/diplomacy\/wp-json\/wp\/v2\/pages\/12\/revisions"}],"predecessor-version":[{"id":999,"href":"https:\/\/www.franke-darmstadt.de\/diplomacy\/wp-json\/wp\/v2\/pages\/12\/revisions\/999"}],"wp:attachment":[{"href":"https:\/\/www.franke-darmstadt.de\/diplomacy\/wp-json\/wp\/v2\/media?parent=12"}],"curies":[{"name":"wp","href":"https:\/\/api.w.org\/{rel}","templated":true}]}}